8815). Let r = h - 713. What is the units digit of r?
8
Let i = -6887 + 6879. Let j(o) = 10 - 2*o**3 + 3 + 17*o**2 + 4*o**3. What is the units digit of j(i)?
7
Suppose 212*p + 4 = 213*p. Suppose -308 = -4*a - p*q, 4*q + 0*q = -a + 74. What is the tens digit of a?
7
Let m(p) = -2*p - 14. Let y be m(-2). What is the tens digit of (-19)/(((-1)/(-2))/(85/y))?
2
Let y(v) = 118*v**2 - 3*v - 3. Let a = -89 + 88. What is the units digit of y(a)?
8
Let o(m) = m**3 - 16*m**2 - m + 2. Suppose 6*f + 31 = l + f, 3 = -f. Let c be o(l). What is the units digit of c/(-3)*54/12?
1
Suppose w = -0*w - 70. Let a = -62 - w. Suppose 300 + 12 = a*s. What is the tens digit of s?
3
Let p(j) = -297*j - 3*j**2 + 1 - 32*j**3 + 296*j - 190*j**3. What is the units digit of p(-1)?
1
Suppose 1783 = 4*r + 3*t - 39, 910 = 2*r + 2*t. Let q = r - -75. What is the hundreds digit of q?
5
Suppose -11*s + 10679 + 7493 = 0. What is the units digit of s?
2
Suppose -5*p = 4*f - 24883, -873 = p + f - 5849. What is the units digit of p?
9
Let x be 16/5*(28 + 52). Suppose -h = -172 - x. What is the units digit of h?
8
Suppose -4 = 2*c - 14. Let g(w) = w**3 - 4*w**2 - 4*w. Let b be g(c). Suppose 0 = b*f - 131 - 349. What is the units digit of f?
6
Let z(i) = 100*i**3 + i**2 + 25*i + 3. What is the units digit of z(5)?
3
Let p(q) = 7*q**2 - 67*q - 2. Let o be p(10). Suppose -19*w + o*w - 3870 = 0. What is the units digit of w?
0
Let q(k) = 9*k - 41. Let j(s) = s - 1. Let m(d) = -4*j(d) - q(d). Suppose -187*x + 7 = -188*x. What is the units digit of m(x)?
6
Suppose -633063 = -24*g - 114999. What is the ten thousands digit of g?
2
Let n(h) = 87*h**2 - 1191*h + 10. What is the ten thousands digit of n(24)?
2
Suppose 0*k - 778 = -3*k + 2933. What is the thousands digit of k?
1
Let s(p) be the second derivative of p**4/12 - 5*p**3/6 - 36*p**2 - 7*p - 2. What is the hundreds digit of s(19)?
1
Let p = -14636 + 19537. What is the tens digit of p?
0
Let s = 428 - 240. Suppose s = 65*b - 64*b. Suppose -6*q = -b - 742. What is the hundreds digit of q?
1
Let o(m) = -m**3 + 12*m**2 + 13*m + 9. Let u be o(13). Suppose -5*h - 3*k = -92, -h + u + 7 = 3*k. What is the units digit of h?
9
Suppose 5*g = -728*o + 732*o - 268856, 5*g = -20. What is the tens digit of o?
0
Suppose 27*f - 274181 - 196699 = 0. What is the thousands digit of f?
7
Let c = -23925 - -35392. What is the thousands digit of c?
1
Let l(p) = -p**3 + 24*p**2 - 21*p + 14. Let h be l(23). Let o = h + -44. What is the tens digit of o?
1
Suppose -377*g + 5017694 = -55*g - 4147714. What is the thousands digit of g?
8
Let c(w) = 819*w**2 - 3*w - 4. Let d be c(-1). Suppose 5*p = -r + 315, 2*p - d + 204 = -2*r. What is the units digit of r?
5
Let j be (615/(-65))/(-3) - 2/13. Suppose j*k = 555 + 243. What is the tens digit of k?
6
Suppose -2*q + 25067 = m - 3485, -3*q = 4*m - 114193. What is the tens digit of m?
4
Suppose 3*h = -x - 7946, 7*h - 10*h - 7934 = 4*x. Let t = h + 4133. What is the hundreds digit of t?
4
Suppose -39*q - 3*m + 2653 = -38*q, -4*m - 10660 = -4*q. What is the hundreds digit of q?
6
Suppose -7371 = 20*d - 411. Let i = 24 - d. What is the tens digit of i?
7
Suppose -2*i = 2 - 6. Let h(b) = 12*b + 9*b + 7*b - 27*b + b**i + 5*b**3 + 5. What is the tens digit of h(3)?
5
Let j(l) = -l**3 + 5*l**2 + 6*l + 3. Let r be j(6). Let x be r*20/(-15) + -41. What is the units digit of 29 + 9/(x/(-10))?
1
Let j = 448 + -422. Let x(n) = 2*n**2 - 6*n - 75. What is the units digit of x(j)?
1
Suppose 5*y - 55 = 4*t, -16*y = 4*t - 12*y + 28. Suppose 0 = -5*r - 249 - 421. What is the tens digit of (t + 8)*r/4?
6
Let n = 4498 - -13337. What is the units digit of n?
5
Suppose 0 = -r - m - 0*m - 1257, -3*m = 2*r + 2513. Let h = -834 - r. What is the tens digit of h?
2
Let p be (-3)/5 + (-72)/(-20). What is the tens digit of (p - 0 - 4) + 326 + 1?
2
Suppose -4*p + 4*y + 0*y + 12 = 0, 0 = 4*p + 2*y. Let z(b) = 79*b - 1. What is the tens digit of z(p)?
7
Let g be ((-28)/(-6))/1 + 3/9. What is the units digit of (340/25)/(g/((-1250)/(-5)))?
0
Let w(t) = -7234*t + 976. What is the ten thousands digit of w(-3)?
2
Let q(x) be the first derivative of 17*x**3 - 1/2*x**4 - 42 - 9*x - 21/2*x**2. What is the tens digit of q(25)?
9
Let y be ((-3)/((-36)/(-184)))/((-4)/30). Let a = y + -127. What is the tens digit of ((-112)/a)/14 + 890/6?
4
Let j(h) be the second derivative of -1/20*h**5 + 11/12*h**4 - 17*h + 23/2*h**2 - 4/3*h**3 + 0. What is the units digit of j(10)?
3
Let n be 8/(-6)*42/28 - -7. Suppose n*a - 5*k = 885, -3*a + k = -474 - 61. What is the units digit of a?
9
Let a = -291 - -283. What is the hundreds digit of ((-8600)/a - 10) + 1 + 1?
0
Suppose -18 = -128*s + 125*s, 0 = -4*j - 4*s + 30664. What is the tens digit of j?
6
Suppose -97*c - 17*c = -75468. What is the hundreds digit of c?
6
Let v be 2/4*(34 + (1 - -7)). Suppose 2*m = g - 930, 4*m + 1 = v. What is the tens digit of g?
4
Suppose -3*y + 2070 = -3*m, -100*y + 96*y + 2755 = -5*m. Let h = 264 + y. What is the tens digit of h?
5
Suppose -j - 5*r + 6312 = 0, 4*j - r - 25308 = -6*r. What is the tens digit of j?
3
Suppose -117*p - 25*p = -1087153 - 197095. What is the thousands digit of p?
9
Suppose 8*q = 34 + 14. What is the units digit of 3 + (-4 - -1)/(q/(-14))?
0
Let h be ((-201)/2)/(111/(-2072)). What is the hundreds digit of h/(-21)*1/(4/(-6))?
1
Suppose -r + 105 = 3*y, -3*r - y + 87 = -196. Suppose 3*p - 9*b + 6*b - r = 0, b + 62 = 2*p. Suppose -p*u = -38*u + 994. What is the units digit of u?
2
Let k be (1 + (-6)/2)*(-5)/10. What is the tens digit of (0 + (k - -709))/(-9 - -10)?
1
Suppose 0 = -5*a + 20, -p + 5*a = -0*a + 7. Let v = -6 + p. What is the hundreds digit of ((-5)/2)/(((-42)/372)/v)?
1
Let a(t) = 986*t + 5801. What is the ten thousands digit of a(6)?
1
Let h(p) = p**3 + 10*p**2 - 25*p + 37. What is the units digit of h(-12)?
9
Let t be (-60)/45 - (0 - 1076/6). Let r = 323 - t. What is the units digit of r?
5
Let d = 7188 - 4957. What is the hundreds digit of d?
2
Suppose -199*c + 2573326 = 232290. What is the thousands digit of c?
1
Let z(q) = 251*q**2 + 9*q + 21. Suppose 13*l + 18*l = -62. What is the hundreds digit of z(l)?
0
Let d be 2/(-13) + (-127865)/(-65). Suppose -d = -5*l + 4283. What is the units digit of l?
0
Let k = -151 + 218. Suppose -n = k - 304. What is the tens digit of n?
3
What is the ten thousands digit of (53061 - -4)*(-12)/(-60)?
1
Suppose 0 = -j + 2934 - 782. Suppose -4*u = -j + 536. What is the units digit of u?
4
Suppose d + 32 = 26, -2*y + 5*d = -14710. What is the tens digit of y?
4
Suppose 33518 = 4*j + 73*r - 68*r, 16744 = 2*j - 5*r. What is the tens digit of j?
7
Suppose 4*n + 2295 = 455. Let g = n - -251. Let a = 300 + g. What is the units digit of a?
1
Let c(b) = -7944*b - 27. What is the tens digit of c(-2)?
6
What is the units digit of (4/12)/(11/125004)?
8
Let w(h) = 115*h**3 - h**2 - 5*h + 9. Let x(l) = l + 24. Let y be x(-22). Let b be w(y). Suppose 0 = 73*m - 68*m - b. What is the tens digit of m?
8
Let v(w) = 644*w**3 - 2*w**2 - 2*w + 12. What is the hundreds digit of v(2)?
1
Let y(i) = -1251*i**3 + i**2 + 23*i - 58. What is the thousands digit of y(-4)?
9
Suppose 19 = 3*l - 2*h, 2*l - 4*h - 20 = -2. Suppose -4*g = 5*a + g + 5, l*a - 23 = 2*g. What is the hundreds digit of (-314)/a*(-10)/(40/6)?
1
Let w = 223 + -316. Let k = w - -96. Suppose 2*a = -k*z + 131, 0*a + 86 = 2*z + a. What is the tens digit of z?
4
Let l(g) = 20*g**2 + 41*g - 425. What is the units digit of l(21)?
6
Suppose -524 - 5017 = -3*f - 5*b, 3*f + b = 5529. Suppose 15*l + 132 - f = 0. What is the hundreds digit of l?
1
Let q(g) = 70*g - 42. Let c be q(3). Suppose 32*d = 40*d - c. What is the tens digit of d?
2
Suppose 0 = f + 2*g - 77, -122 = -3*f + g + 88. Let u = -21 - f. Let t = u - -178. What is the units digit of t?
6
Let h(r) = 10*r**2 - 23*r - 1. Let v be h(7). Suppose -k = 4, -4*k = 3*o - 6*o + v. What is the units digit of o?
4
Let o be 2*((-1926)/4)/(-3). Let m = -4933 - -5089. Let f = o - m. What is the hundreds digit of f?
1
Suppose 5*c - 2*j = 322662, -j + 133751 + 188923 = 5*c. What is the units digit of c?
4
Let c(j) = j**2 + 3*j - 6. Suppose 0 = k - 5*k + 8. Let b be c(k). Suppose w + 135 = 3*d - b*w, 5*w = -3*d + 105. What is the tens digit of d?
4
S